737 a composite number?
True
Is 3405079 composite?
False
Is 2846454419 a prime number?
True
Is 956071679 composite?
False
Is 70075843 a composite number?
True
Is 968960413 composite?
True
Is 679450973 composite?
False
Is 79899776533 a prime number?
True
Is 16982289337 composite?
True
Is 16289217023 a composite number?
False
Is 4577381405 a composite number?
True
Is 1883250409 composite?
False
Is 1401411383 prime?
False
Is 1376117269 prime?
False
Is 8514083383 composite?
True
Is 2825449063 prime?
True
Is 46377126403 a prime number?
False
Is 3631580221 composite?
True
Is 1489163219 a prime number?
False
Is 209225853853 composite?
False
Is 29912431 composite?
True
Is 3458738981 a composite number?
False
Is 11584712163 a prime number?
False
Is 1599305803 a composite number?
True
Is 3750292001 a composite number?
False
Is 95493317 a prime number?
False
Is 11466005233 prime?
True
Is 4241250229 prime?
True
Is 1189463929 composite?
True
Is 3381729119 composite?
True
Is 2100197917 composite?
False
Is 6500972033 prime?
True
Is 10942399597 composite?
True
Is 8068601551 prime?
True
Is 29408112401 a composite number?
True
Is 2416100741 composite?
True
Is 5555117031 a prime number?
False
Is 11187408343 prime?
True
Is 1580925481 a prime number?
True
Is 7465289047 composite?
False
Is 158970101 prime?
True
Is 16856488529 a prime number?
True
Is 3059350507 prime?
False
Is 31921667021 prime?
True
Is 2784214847 a composite number?
False
Is 30885359951 composite?
True
Is 73178881 prime?
False
Is 69236946591 prime?
False
Is 1073000189 a composite number?
True
Is 1410526174 composite?
True
Is 130062473 a composite number?
False
Is 8413868347 a prime number?
True
Is 14967482797 a composite number?
True
Is 61033811 a composite number?
False
Is 63392199919 composite?
True
Is 4485151903 a composite number?
False
Is 1122548305 composite?
True
Is 390772889 composite?
True
Is 3184271897 a prime number?
False
Is 356411726519 prime?
True
Is 1397006839 a prime number?
False
Is 8567546439 composite?
True
Is 16237601183 prime?
True
Is 60407603 a prime number?
True
Is 23766111595 a composite number?
True
Is 10240141999 prime?
True
Is 4675073261 a composite number?
False
Is 15384897887 prime?
False
Is 356610119 prime?
True
Is 4005808181 composite?
True
Is 20057825681 prime?
False
Is 830505997 composite?
False
Is 3210879073 composite?
False
Is 35125166077 a prime number?
True
Is 591561821 composite?
False
Is 3222743203 a prime number?
False
Is 39462752339 composite?
False
Is 327192659 prime?
False
Is 264993083 prime?
True
Is 3663561063 a composite number?
True
Is 25298254021 composite?
False
Is 1282202359 composite?
False
Is 588921293 a prime number?
False
Is 4927239973 prime?
False
Is 1966056091 a composite number?
False
Is 18509328421 a composite number?
True
Is 1347052471 composite?
True
Is 529526563 composite?
False
Is 21946649947 composite?
False
Is 20362621967 composite?
False
Is 733007489 composite?
True
Is 1542421921 a prime number?
True
Is 6327267539 composite?
True
Is 12637877243 a prime number?
True
Is 95463919 a prime number?
False
Is 1282664379 a composite number?
True
Is 17063038357 composite?
True
Is 682936433 a composite number?
True
Is 15723047 a prime number?
True
Is 417037667 a composite number?
False
Is 3088955237 a composite number?
True
Is 1964313343 a composite number?
False
Is 2201019011 a prime number?
True
Is 39302593459 composite?
True
Is 32870278963 a prime number?
True
Is 56841227717 prime?
True
Is 346373561 composite?
False
Is 2604402215 a composite number?
True
Is 38024098231 a composite number?
True
Is 3861150221 a composite number?
False
Is 126739871 composite?
True
Is 10041020629 prime?
True
Is 1088603951 a prime number?
False
Is 1160706199 composite?
True
Is 33932113 prime?
False
Is 64855613 prime?
True
Is 37556617429 a composite number?
True
Is 130605713662 a prime number?
False
Is 42615319219 prime?
False
Is 4113755989 composite?
True
Is 42156074359 a prime number?
False
Is 20453079319 prime?
True
Is 2311021883 prime?
False
Is 3426717457 prime?
True
Is 6766929599 a composite number?
False
Is 390750027 composite?
True
Is 92398741 composite?
False
Is 3865566361 a prime number?
True
Is 57034592915 prime?
False
Is 18824707633 composite?
True
Is 387315977 a prime number?
False
Is 1148744567 a composite number?
False
Is 97161709417 a prime number?
False
Is 9602265653 a composite number?
True
Is 112358643169 prime?
True
Is 1119102079 a composite number?
False
Is 851419487 a composite number?
True
Is 715235401 composite?
True
Is 92959073 prime?
False
Is 1708697323 prime?
True
Is 1283046067 composite?
False
Is 37298400533 a prime number?
False
Is 1670519927 prime?
False
Is 246492023 prime?
False
Is 314765217605 prime?
False
Is 1414209323 composite?
False
Is 2800753831 composite?
False
Is 17562027709 a composite number?
False
Is 21245121679 prime?
True
Is 80771764027 a prime number?
True
Is 885254947 a composite number?
False
Is 15142037 a composite number?
True
Is 177004315 prime?
False
Is 11868174551 prime?
False
Is 16010699 prime?
True
Is 4051161017 a composite number?
True
Is 2240785853 prime?
True
Is 159151270849 a prime number?
False
Is 2073779699 prime?
True
Is 43781076653 a composite number?
False
Is 7164953183 composite?
False
Is 1681905367 prime?
True
Is 39884375899 a composite number?
True
Is 6537235139 a prime number?
False
Is 96423345071 a prime number?
True
Is 94813631 composite?
True
Is 73433471 a prime number?
False
Is 93017138278 a prime number?
False
Is 168849913 a composite number?
False
Is 709874357 a prime number?
True
Is 23284703087 a prime number?
False
Is 291725527 composite?
True
Is 327143449 a composite number?
False
Is 402880733 a composite number?
True
Is 114245585261 prime?
True
Is 40211445509 a composite number?
False
Is 5529019427 prime?
False
Is 210410687 a composite number?
True
Is 18284205967 prime?
False
Is 332527807 prime?
True
Is 14555780333 a composite number?
True
Is 20616563831 composite?
False
Is 18138192082 a composite number?
True
Is 110424197383 prime?
False
Is 156459349 a prime number?
True
Is 889262273 prime?
True
Is 800227903 a composite number?
False
Is 97937344961 prime?
False
Is 9189606889 a composite number?
False
Is 25450530509 prime?
True
Is 1123648727 a prime number?
False
Is 761187589 a prime number?
False
Is 15074570107 prime?
False
Is 67270691809 a prime number?
False
Is 42213901397 composite?
True
Is 2749799447 a prime number?
False
Is 6512453149 prime?
True
Is 973891199 a composite number?
False
Is 279182173 prime?
False
Is 7527149569 a composite number?
False
Is 1431579679 a composite number?
True
Is 970414193 prime?
False
Is 173504531 a composite number?
False
Is 200031311 prime?
True
Is 103230637 composite?
True
Is 4314515759 composite?
True
Is 34532541627 prime?
False
Is 7462118369 prime?
True
Is 125725433 composite?
True
Is 1356569653 a prime number?
False
Is 96825923 a prime number?
True
Is 9120735347 composite?
False
Is 21588547 composite?
True
Is 4786815149 prime?
False
Is 410983009 a composite number?
False
Is 3666857627 prime?
True
Is 4975517119 a composite number?
True
Is 35634993617 prime?
False
Is 14909287543 a composite number?
False
Is 26216439673 prime?
True
Is 50777046769 a composite number?
False
Is 1810930879 a composite number?
False
Is 435085067 a prime number?
True
Is 1191932061 a composite number?
True
Is 58636511101 composite?
True
Is 111172686283 prime?
False
Is 1667577467 a prime number?
False
Is 16118477 a composite number?
False
Is 4416316831 composite?
True
Is 9279810779 a prime number?
False
Is 79072141861 composite?
False
Is 14231437637 a prime number?
False
Is 8540581163 prime?
True
Is 3839991107 a prime number?
False
Is 91862317 a prime number?
True
Is 3369238429 prime?
False
Is 61108334887 a composite number?
False
Is 74045561 prime?
False
Is 22004997463 a composite number?
True
Is 8379265379 prime?
False
Is 1758365183 composite?
False
Is 15264649583 composite?
True
Is 84337814551 a prime number?
True
Is 9640175683 prime?
False
Is 39714679 a composite number?
False
Is 9346471 a prime number?
True
Is 642990939 composite?
True
Is 164707639 prime?
True
Is 143917549 prime?
False
Is 9999313 prime?
False
Is 61516396069 a composite number?
False
Is 294414391 a comp